vided by 82.
80
Calculate the remainder when 2319 is divided by 29.
28
What is the remainder when 387 is divided by 21?
9
What is the remainder when 805 is divided by 797?
8
Calculate the remainder when 1676 is divided by 119.
10
What is the remainder when 24598 is divided by 164?
162
What is the remainder when 183 is divided by 23?
22
Calculate the remainder when 394 is divided by 80.
74
Calculate the remainder when 1435 is divided by 40.
35
Calculate the remainder when 1138 is divided by 156.
46
Calculate the remainder when 1856 is divided by 103.
2
Calculate the remainder when 398 is divided by 40.
38
What is the remainder when 295 is divided by 77?
64
Calculate the remainder when 292 is divided by 92.
16
Calculate the remainder when 1202 is divided by 91.
19
What is the remainder when 230 is divided by 64?
38
What is the remainder when 107 is divided by 14?
9
Calculate the remainder when 344 is divided by 86.
0
What is the remainder when 109 is divided by 37?
35
What is the remainder when 128 is divided by 48?
32
What is the remainder when 1050 is divided by 260?
10
What is the remainder when 15 is divided by 5?
0
What is the remainder when 9 is divided by 3?
0
Calculate the remainder when 4087 is divided by 1360.
7
What is the remainder when 878 is divided by 101?
70
What is the remainder when 523 is divided by 39?
16
Calculate the remainder when 13888 is divided by 421.
416
What is the remainder when 1243 is divided by 14?
11
Calculate the remainder when 366 is divided by 46.
44
Calculate the remainder when 1702 is divided by 131.
130
Calculate the remainder when 82 is divided by 13.
4
What is the remainder when 1874 is divided by 35?
19
Calculate the remainder when 33 is divided by 4.
1
What is the remainder when 622 is divided by 70?
62
Calculate the remainder when 126 is divided by 40.
6
Calculate the remainder when 1203 is divided by 32.
19
What is the remainder when 146 is divided by 25?
21
What is the remainder when 1670 is divided by 18?
14
What is the remainder when 1196 is divided by 25?
21
Calculate the remainder when 9851 is divided by 12.
11
What is the remainder when 2324 is divided by 111?
104
What is the remainder when 640 is divided by 636?
4
What is the remainder when 302 is divided by 28?
22
Calculate the remainder when 1272 is divided by 160.
152
Calculate the remainder when 175 is divided by 78.
19
Calculate the remainder when 719 is divided by 80.
79
What is the remainder when 232 is divided by 47?
44
Calculate the remainder when 41 is divided by 20.
1
What is the remainder when 52 is divided by 49?
3
Calculate the remainder when 1401 is divided by 13.
10
What is the remainder when 1190 is divided by 313?
251
Calculate the remainder when 374 is divided by 59.
20
Calculate the remainder when 314 is divided by 64.
58
Calculate the remainder when 233 is divided by 97.
39
Calculate the remainder when 3699 is divided by 132.
3
What is the remainder when 27 is divided by 6?
3
Calculate the remainder when 698 is divided by 25.
23
What is the remainder when 6299 is divided by 175?
174
What is the remainder when 548 is divided by 110?
108
Calculate the remainder when 23 is divided by 9.
5
What is the remainder when 469 is divided by 5?
4
Calculate the remainder when 3330 is divided by 223.
208
Calculate the remainder when 76 is divided by 63.
13
Calculate the remainder when 6467 is divided by 49.
48
Calculate the remainder when 1013 is divided by 78.
77
What is the remainder when 2447 is divided by 43?
39
Calculate the remainder when 6043 is divided by 16.
11
What is the remainder when 3182 is divided by 7?
4
Calculate the remainder when 100 is divided by 83.
17
What is the remainder when 191 is divided by 99?
92
What is the remainder when 103 is divided by 19?
8
Calculate the remainder when 90 is divided by 19.
14
What is the remainder when 999 is divided by 77?
75
What is the remainder when 110 is divided by 37?
36
What is the remainder when 370 is divided by 43?
26
What is the remainder when 15026 is divided by 19?
16
What is the remainder when 1970 is divided by 19?
13
What is the remainder when 809 is divided by 118?
101
What is the remainder when 2949 is divided by 12?
9
What is the remainder when 1327 is divided by 16?
15
What is the remainder when 78 is divided by 27?
24
Calculate the remainder when 265 is divided by 93.
79
Calculate the remainder when 133 is divided by 46.
41
What is the remainder when 387 is divided by 17?
13
Calculate the remainder when 1084 is divided by 61.
47
Calculate the remainder when 3834 is divided by 59.
58
What is the remainder when 92 is divided by 10?
2
What is the remainder when 18 is divided by 4?
2
Calculate the remainder when 144 is divided by 46.
6
What is the remainder when 170 is divided by 54?
8
What is the remainder when 1029 is divided by 257?
1
What is the remainder when 1626 is divided by 37?
35
What is the remainder when 159 is divided by 41?
36
What is the remainder when 171 is divided by 23?
10
What is the remainder when 2298 is divided by 47?
42
What is the remainder when 683 is divided by 102?
71
Calculate the remainder when 150 is divided by 9.
6
What is the remainder when 219 is divided by 139?
80
Calculate the remainder when 192 is divided by 16.
0
Calculate the remainder when 10147 is divided by 71.
65
Calculate the remainder when 124 is divided by 21.
19
What is the remainder when 730 is divided by 15?
10
What is the remainder when 978 is divided by 70?
68
What is the remainder when 14458 is divided by 226?
220
Calculate the remainder when 91 is divided by 30.
1
Calculate the remainder when 127 is divided by 19.
13
Calculate the remainder when 48 is divided by 32.
16
What is the remainder when 11589 is divided by 168?
165
What is the remainder when 125 is divided by 18?
17
Calculate the remainder when 224 is divided by 194.
30
Calculate the remainder when 53 is divided by 45.
8
Calculate the remainder when 146 is divided by 54.
38
Calculate the remainder when 3623 is divided by 98.
95
What is the remainder when 12165 is divided by 8?
5
What is the remainder when 406 is divided by 306?
100
Calculate the remainder when 2506 is divided by 125.
6
What is the remainder when 659 is divided by 55?
54
Calculate the remainder when 80 is divided by 25.
5
Calculate the remainder when 777 is divided by 17.
12
What is the remainder when 225 is divided by 91?
43
Calculate the remainder when 46 is divided by 3.
1
What is the remainder when 24630 is divided by 51?
48
What is the remainder when 265 is divided by 4?
1
Calculate the remainder when 2407 is divided by 86.
85
Calculate the remainder when 193 is divided by 98.
95
Calculate the remainder when 16 is divided by 8.
0
Calculate the remainder when 17155 is divided by 129.
127
What is the remainder when 259 is divided by 7?
0
Calculate the remainder when 789 is divided by 113.
111
Calculate the remainder when 4174 is divided by 167.
166
What is the remainder when 1175 is divided by 235?
0
Calculate the remainder when 3747 is divided by 23.
21
What is the remainder when 374 is divided by 18?
14
What is the remainder when 72 is divided by 26?
20
Calculate the remainder when 4135 is divided by 96.
7
What is the remainder when 337 is divided by 23?
15
Calculate the remainder when 961 is divided by 316.
13
What is the remainder when 93 is divided by 17?
8
Calculate the remainder when 1776 is divided by 45.
21
What is the remainder when 67 is divided by 21?
4
What is the remainder when 2947 is divided by 79?
24
Calculate the remainder when 1032 is divided by 11.
9
Calculate the remainder when 14577 is divided by 81.
78
Calculate the remainder when 2377 is divided by 34.
31
What is the remainder when 494 is divided by 162?
8
What is the remainder when 21 is divided by 16?
5
What is the remainder when 78 is divided by 47?
31
What is the remainder when 858 is divided by 86?
84
What is the remainder when 329 is divided by 20?
9
Calculate the remainder when 1431 is divided by 694.
43
Calculate the remainder when 133 is divided by 29.
17
What is the remainder when 54 is divided by 47?
7
Calculate the remainder when 267 is divided by 127.
13
What is the remainder when 113 is divided by 40?
33
What is the remainder when 52 is divided by